h - 0*h - n, 0 = -3*h. Let t be (-3)/18 + p/(-6). Calculate the greatest common divisor of t and 4.
1
Let x be 225/15*(-4)/(-1 - -2). Let m be (-68)/x + 6/(-45). Let g be ((-420)/(-16))/m + (-6)/(-8). What is the greatest common divisor of 3 and g?
3
Let i = -2293 - -2315. Calculate the greatest common factor of 1034 and i.
22
Let f(k) = k**3 + 7*k**2 + 10*k + 36. Let w be f(-6). Calculate the greatest common divisor of 60 and w.
12
Let q be (-1276)/(-26796) + 10331/21. Calculate the greatest common divisor of q and 10004.
164
Suppose -3*d - 2 = -17. Suppose 4*i + 200 = -v + 2*v, 3*i + d*v = -173. Let r = 61 + i. What is the greatest common divisor of r and 70?
10
Let o(k) = k + 15. Let t be o(4). Suppose 0 = -t*f + f + 90. Calculate the greatest common divisor of 55 and f.
5
Let j be (-4 + 0 - (-3003)/35)*5. Suppose j = 3*w - 281. Calculate the highest common divisor of w and 20.
10
Suppose 4*k = 15*k - 7469. What is the greatest common divisor of 35 and k?
7
Let z(i) = i**2 - 61*i - 1190. Let m be z(77). Let n be (9 - -5)/((-2)/(-126)). Calculate the greatest common factor of n and m.
42
Let j(c) = 20*c**3 - 14*c**2 - 3*c - 2. Let b be j(3). Calculate the highest common factor of 341 and b.
31
Let t = 5490 - 5220. What is the highest common divisor of t and 765?
45
Suppose -n - 855 = 4*n. Let c = -166 - n. What is the highest common divisor of 55 and c?
5
Suppose -212*m + 229*m - 1190 = 0. Calculate the greatest common divisor of m and 14.
14
Suppose 4*x = -x - 45. Suppose -6*z = -3*z + 5*o - 180, 5*z - 5*o = 260. Let j = z + x. What is the highest common factor of 414 and j?
46
Let u = 15203 - 11565. What is the highest common factor of u and 102?
34
Let x(h) = -h**3 - 8*h**2 - 6*h + 11. Let w be x(-7). Let z(c) = 5*c**3 - 7*c**2 + 5*c - 8. Let m be z(w). Calculate the greatest common divisor of 20 and m.
20
Let d = -28961 - -41354. What is the highest common factor of d and 243?
243
Suppose 0 = -5*n - v - 0*v + 10, -3*n - 16 = 5*v. Let g be (158/n)/(70/1575). What is the highest common divisor of 15 and g?
15
Suppose -21*t = -59 - 46. Suppose 2*g - 279 = -t. Suppose g + 183 = 2*b. Calculate the greatest common factor of 8 and b.
8
Let s(o) = o**3 + 51*o**2 + 3*o + 205. Let f be s(-51). What is the greatest common divisor of f and 299?
13
Suppose -5*c = 5*l - 260, -2*l = -2*c - 145 + 25. Let u(n) = -43*n + 327. Let j be u(5). Calculate the greatest common factor of j and l.
56
Let u(v) = v**2 - 4*v + 6. Let b be u(4). Suppose p + a - 16 = 0, -964*p + 8 = -965*p + 5*a. Calculate the greatest common factor of p and b.
6
Suppose 3*f = 16 + 29. Suppose 0 = f*v - 4*v - 1573. Calculate the greatest common factor of 52 and v.
13
Let u = -1845 + 1850. Calculate the highest common factor of u and 8135.
5
Let s be 8/((-24)/(-15))*75*6/9. Calculate the highest common factor of s and 20.
10
Suppose -4*a = -7*a - 10 + 364. Calculate the greatest common divisor of a and 2.
2
Let d be (0 + 2412/15)*(-70)/(-21). Suppose 381 = -5*g + d. What is the greatest common divisor of g and 155?
31
Suppose 8*g + 3408 = 17916 + 11076. What is the highest common factor of 78 and g?
78
Suppose 2*y - 1092 = -5*g, -3*g - 2*y - 2*y = -658. Let v be (g/(-3))/(4*(-1)/6). Let o = v - 59. What is the highest common divisor of 20 and o?
10
Suppose -75800 = -5*q + 5*o, 4*o - 8*o + 60704 = 4*q. Calculate the greatest common divisor of 192 and q.
192
Let v(y) = 413*y - 3. Let z be v(2). Let b = -427 + z. Suppose 2*q + 60 = 2*x, -210 = -85*x + 80*x - 5*q. What is the greatest common divisor of b and x?
36
Let r(b) = b**2 + 12*b + 1. Let u be r(-15). Let f = u + -87. Let k = f + 48. What is the greatest common factor of 1 and k?
1
Let c(b) = -299*b - 11. Let k = -950 - -949. Let v be c(k). Calculate the greatest common divisor of 9 and v.
9
Let d be (11 - 48/8)*(-8)/(-1). Calculate the highest common divisor of d and 850.
10
Let z be (11 - (10 - -4))*(16 + -2804). What is the highest common factor of z and 60?
12
Let w(y) = 9*y**2 + 1134*y + 44. Let j be w(-126). What is the highest common factor of 676 and j?
4
Let x = 5294 - 5227. Suppose d + 31 = 77. Let n = x - d. Calculate the greatest common divisor of n and 231.
21
Suppose 0*i = 3*v - 3*i - 903, 2*v - 3*i - 602 = 0. Suppose -799 = -5*s + v. Suppose -6*k + 8 = -s. Calculate the greatest common factor of k and 19.
19
Let p(b) = -b**2 - 17*b - 47. Suppose 17*x = 18*x - 15. Suppose 14 = -x*c + 13*c. Let v be p(c). What is the highest common factor of v and 46?
23
Suppose 0 = -4*f, 0 = p + f - 4*f - 15 - 66. Suppose -2*o = o + 9. Let j be (-3)/o + 10 + -2. Calculate the greatest common factor of j and p.
9
Let a(o) = 4*o**2 - o - 1. Let d be a(-2). Let u be (12/8)/((-3)/(-68)). What is the highest common factor of d and u?
17
Let g(v) = -6*v + 1144. Let k be g(-94). What is the greatest common divisor of k and 140?
28
Let t(a) = 747*a + 188. Let r be t(4). Suppose 0 = 4*s - 4*g - r, s - 272 - 532 = -g. Calculate the highest common factor of s and 47.
47
Let k = 250 + -236. Suppose 31 = -3*g + 157. Calculate the greatest common divisor of k and g.
14
Let f = -5 - -10. Let w be -9 + 2 + 4 + 28. Suppose y - 4*y = -5*c + w, 0 = -5*y. Calculate the greatest common factor of c and f.
5
Suppose 3*g - 22 = 17. Let y = 651 - 641. Let t be ((-208)/(-5))/(2/y). What is the highest common divisor of t and g?
13
Let i be (-8)/16 + (-207)/(-2) + 2. Let u be -2*1/5 - (-42)/i. Suppose -3*m + 24 + 29 = b, u = -b - 5*m + 51. What is the greatest common factor of 8 and b?
8
Let i = 2124 + -1732. Calculate the greatest common divisor of i and 144.
8
Let q(l) = -5*l + 914. Let c be q(72). Calculate the greatest common factor of c and 14.
2
Let x = -10580 - -24642. What is the greatest common divisor of 356 and x?
178
Let o(k) = -3290*k**3 + k**2 + 22*k + 20. Let b be o(-1). Calculate the greatest common divisor of 23 and b.
23
Suppose -4*b + 211 = -173. Suppose 4528 = -38*i + 46*i. Let l = 578 - i. What is the greatest common factor of l and b?
12
Let a be (-65410)/(-1395) + 10/9. Calculate the greatest common factor of 9008 and a.
16
Suppose 6 = -2*b - 5*v + 38, -5*b - 4*v = -80. Suppose -6*r - b = -178. Calculate the greatest common factor of r and 513.
27
Suppose 19*w - 329 = 222. Let f = 4 + w. Let q(r) = r**2 - 5*r + 8. Let u be q(7). What is the highest common divisor of f and u?
11
Let x = -20 - -25. Suppose -n + 124 = x*z, -z + 5*n = -2*z + 44. Calculate the greatest common factor of z and 168.
24
Let x = -2448 + 2760. Calculate the greatest common divisor of x and 2392.
104
Let b = 1849 + 3107. What is the greatest common divisor of 84 and b?
84
Let s be ((-12)/42)/((-14)/49). Let j be (-6555)/(-23) - 6*s. Calculate the highest common factor of 93 and j.
93
Suppose -5*s = -881*v + 884*v - 1234, -4*v = 5*s - 1637. What is the greatest common factor of 793 and v?
13
Let a = 893 + -869. Suppose 50 = 6*y - 22. What is the greatest common divisor of a and y?
12
Suppose 3*r = -12, -2*t - 24*r + 20*r - 92 = 0. Let v be (-52)/39*6*(t + -3). What is the highest common divisor of 123 and v?
41
Suppose -3*b - l + 32 = 0, -3*l - 14 = -b - 0*l. Let d be (-1)/(7/(-483))*10/(-3). Let k = 307 + d. Calculate the highest common divisor of k and b.
11
Suppose 79*p - 9976 - 21801 = -5549. Calculate the greatest common divisor of 8 and p.
4
Suppose 9*s - 5 = 4*s. Let n(h) = h**2 + 3*h + 1. Let b be n(-4). Suppose b*k = 9*k - 16. What is the highest common factor of k and s?
1
Let p = -24 - -55. Let w be (2/4)/(23/(-966)). Let h = p + w. What is the highest common divisor of 50 and h?
10
Let i(w) = -24*w + 347. Let c be i(-12). Calculate the highest common divisor of c and 3937.
127
Suppose 4*y + 5*u - 6*u = 389, -5*y - 5*u + 480 = 0. Let x = 116 - y. Calculate the highest common factor of 38 and x.
19
Suppose 0*h + 21 = 3*h. Let x(l) = -l - 1. Let d(f) = 4*f + 4. Let g(a) = -d(a) - 5*x(a). Let m be g(h). What is the greatest common factor of 8 and m?
8
Suppose 16*o + 129 = -31. Let j(y) = -10*y + 44. Let i be j(o). What is the highest common factor of i and 18?
18
Let b be 11 - (-126)/(-14) - -394. Calculate the greatest common divisor of 1548 and b.
36
Let k = -4676 + 6194. Calculate the highest common divisor of 138 and k.
138
Let s be 262 - (-4 + 10/3)*6.